e -d*m + 24 = -6. What is the greatest common divisor of u and m?
3
Suppose 3*x + 2*x - 170 = 0. Suppose 0 = -2*w + x + 6. Calculate the greatest common factor of w and 5.
5
Let x = 102 - 62. Let s be (1*-2)/((-7)/14). Let o be 7 + (1 - s/(-2)). Calculate the greatest common factor of o and x.
10
Suppose 0 = -0*v + 4*v - 252. Suppose 7*q - 16 = -3*m + 2*q, 5*q - 37 = 4*m. Let b be 1*m/(9/(-21)). Calculate the highest common divisor of b and v.
7
Suppose 5*z = 106 + 74. Calculate the greatest common factor of z and 54.
18
Let r = -34 - -59. Let s = 39 - r. Let z be 2/7 + 164/s. Calculate the highest common divisor of z and 84.
12
Suppose 0 = 9*a - 4*a - 70. Let p be 374/a + 2/7. Calculate the greatest common divisor of p and 3.
3
Let q(f) = -4*f + 1. Let n be q(-3). Calculate the highest common divisor of 91 and n.
13
Let c(n) = -16*n + 25. Let t(z) = 3*z - 5. Let k(o) = 6*c(o) + 33*t(o). Let h be k(11). Calculate the greatest common divisor of 3 and h.
3
Let m be 19 - 1*0/(-3). Calculate the greatest common divisor of 19 and m.
19
Let r = -12 + 46. What is the greatest common factor of 34 and r?
34
Suppose 7*u = 15 - 1. Calculate the highest common divisor of 3 and u.
1
Let j(i) = -i**3 + 5*i**2 - 3*i + 6. Let l be j(4). Calculate the greatest common factor of 20 and l.
10
Let a(v) = -v**3 + 6*v**2 + v - 6. Let w be a(6). Let j be w + (-5 - (-5 + 2)). Let t be (-66)/(-2) - (-2 - j). What is the greatest common factor of t and 11?
11
Let z(q) = q**2 + 2*q - 3. Let i be z(2). Suppose 3*m + 2 = i. Let o be 2*(-1 + (m - -3)). Calculate the greatest common divisor of 24 and o.
6
Let v = -180 + 365. Suppose 3*j = -j + i + v, -2*j - 2*i = -80. What is the greatest common divisor of 5 and j?
5
Let f be (-1695)/(-75) + -2 + (-7)/(-5). What is the greatest common divisor of 242 and f?
22
Let t = -4 + 8. Suppose 30 = w + t*w. What is the highest common divisor of w and 12?
6
Let f = -11 - 61. Let c = -38 - f. Calculate the highest common divisor of 85 and c.
17
Suppose 2*y - 24 = -4*t - 0*t, -2*t - 4 = -3*y. Suppose -6*c + t*c + 24 = 0. What is the highest common divisor of c and 60?
12
Suppose 2 + 85 = 3*h. Calculate the highest common factor of h and 232.
29
Let f = 7 - 48. Let d = f - -69. Calculate the greatest common factor of d and 196.
28
Suppose 53 + 123 = 4*p. Suppose -10*b + b + 36 = 0. What is the greatest common factor of p and b?
4
Suppose 4*z - 2445 - 794 = k, -3*z + 2*k = -2428. Suppose z = -0*j + 5*j. What is the highest common factor of 18 and j?
18
Let o be (1 - (-3 + 2))*16. Calculate the greatest common divisor of 48 and o.
16
Let i = 48 - 33. Suppose 2*p + 3*p = -i. Let z be (1 - -1)/((-2)/p). What is the greatest common factor of z and 33?
3
Suppose -2*x = c - 1 - 2, 0 = -x. Calculate the greatest common factor of 24 and c.
3
Let y(b) = b**2 - 16*b - 13. Let d(t) = -t**2 + 15*t + 12. Let i(m) = 3*d(m) + 2*y(m). Let o be i(8). Calculate the highest common divisor of 20 and o.
10
Let s be 12*(-2)/8*-2. Suppose 14 - s = w. Calculate the highest common divisor of 24 and w.
8
Suppose 0 = 5*s + 3*v - 13 - 6, -2*s + 5*v = -20. Calculate the highest common factor of s and 40.
5
Suppose -7*i - 450 = -12*i. What is the highest common factor of i and 18?
18
Suppose 0 = i + 4*k - 14 - 7, 0 = -3*i + 3*k + 3. Suppose -6 = -i*c - 1. Calculate the greatest common divisor of 3 and c.
1
Let h(g) = 2*g - 2. Let u be h(3). Suppose 649 = u*d - 5*o, 6*d = d - 5*o + 800. Let y = d - 73. Calculate the highest common factor of 11 and y.
11
Let h(p) = -p**3 - 13*p**2 - 14*p - 2. Let j be h(-12). Let u = -17 + j. Calculate the highest common factor of 15 and u.
5
Let s = -1 + -1. Let g = 3 + s. Suppose 16 - g = 3*o. What is the greatest common factor of o and 55?
5
Suppose -2*s - f + 74 = 2*s, 5*f = 10. What is the greatest common divisor of 18 and s?
18
Let v(p) = 34*p + 2. Suppose -6*u + 2*u = -4. Let q be v(u). What is the highest common divisor of 12 and q?
12
Let z be 54 + 1/(1 - 2). Suppose 4*p = -2*g + 88, -3*p + z = 3*g - 13. Suppose 0 = -17*b + 12*b + 550. What is the greatest common factor of b and p?
22
Let x be 6/21 - 36/(-21). Suppose 2*l - 5*w = -x*l + 137, l + 4*w = 8. What is the highest common factor of 42 and l?
14
Let z(s) be the first derivative of 5*s**3 + s - 4. Let c be z(1). What is the highest common divisor of 80 and c?
16
Let i(o) = o**3 - 3*o**2 + 3*o - 1. Let n be i(3). Let k = n + -13. Let f = 6 + k. What is the greatest common factor of 11 and f?
1
Let w(q) = q**3 - 6*q**2 + 1. Let z be w(6). Let s be (-8)/(-2) + (6/2 - 6). What is the greatest common factor of s and z?
1
Let t(b) = b**2 + 4*b - 3. Let w be t(-6). Suppose r + 2*r - 12 = 0. Suppose 297 = -y + r*y. Calculate the greatest common divisor of w and y.
9
Let j = -10 + 18. Let a be (3/(-9))/(2/(-12)). What is the highest common divisor of a and j?
2
Let s = -50 + 82. Calculate the greatest common factor of s and 160.
32
Let p = -59 + 34. Let v be (3 + p)*2*-1. Let f(l) = l**2 + 10*l - 20. Let r be f(-12). What is the greatest common divisor of r and v?
4
Let p(w) = -3*w**3 - 4*w**2 - w + 2. Let q be p(-2). Calculate the greatest common divisor of q and 18.
6
Let l = 0 + 9. Let d(k) = -10*k - 2. Let g be d(-2). Calculate the greatest common factor of l and g.
9
Suppose v + 5*t = -8 + 79, 0 = 3*v + 5*t - 263. Suppose 0 = -0*l + 3*l - 36. Let f be (l/(-8))/(1/(-8)). Calculate the highest common factor of f and v.
12
Let p = -147 + 212. Suppose 2*n - p - 27 = -4*k, -k + n + 26 = 0. Suppose 2*l - 28 = k. Calculate the highest common factor of l and 13.
13
Suppose 0 = -0*v + v - 9. Suppose 2*y - 3 = 3. Suppose 0 = -r - y*r, -5*r - 12 = -4*a. Calculate the highest common divisor of v and a.
3
Suppose -4*j - 24 = i, 3*j + 7 + 12 = -i. Let q be (-73)/(-4) - (-10)/(-40). Let n = q + j. What is the highest common divisor of n and 104?
13
Let z(j) = -j**3 + 9*j**2 + 10*j + 4. Let x be z(10). What is the greatest common factor of x and 6?
2
Let k = 108 + -28. Calculate the greatest common divisor of 20 and k.
20
Suppose -6*b - 181 = -631. What is the highest common factor of b and 25?
25
Suppose x = 3*b - 24, 2*b - 4*x - 26 = -0*b. Suppose 3*i - 5*v - b = -i, -v + 10 = 3*i. Suppose 6 + 15 = i*c. What is the greatest common divisor of c and 77?
7
Let r = -4 + 7. Suppose -1 - 11 = -u. What is the highest common factor of u and r?
3
Suppose 0 = p - 4 + 8, -4*p = 2*r - 12. Suppose 4*d = -6 + r. Suppose 0 = 4*t + t + 3*h - 35, 0 = 2*t + 2*h - 10. What is the highest common divisor of d and t?
2
Suppose 20 = 2*d + 2*a, 20 = d - 0*d - a. Suppose -7*s + 174 = -s. Suppose 0 = -25*c + s*c - 60. What is the highest common factor of d and c?
15
Suppose 0*u + 20 = 2*u. Let o(n) = -n**3 + 9*n**2 + 11*n. Let t be o(u). Calculate the highest common divisor of 80 and t.
10
Let k be (20/(-4))/(-5) + 142/2. Calculate the greatest common factor of 24 and k.
24
Let o(f) be the third derivative of f**4/12 - f**2. Let t be o(2). Let z = 9 - t. What is the highest common divisor of 10 and z?
5
Suppose -76 = -0*k - 4*k. What is the highest common divisor of 152 and k?
19
Let k be (-1)/3*-417 + 1. Calculate the greatest common divisor of 28 and k.
28
Suppose -4*a + 2*a = 2, l - 2*a = 86. What is the highest common divisor of l and 56?
28
Let d = 255 + -93. Suppose 5*t - 156 = -2*c, 0 = 6*t - t - c - d. Calculate the greatest common factor of 8 and t.
8
Let a be -1 + (62 - 3) + 1. Suppose -13 = -4*z + a. Let w be ((-27)/2)/(1/(-2)). What is the highest common factor of w and z?
9
Let v = -4 + 6. Suppose 10 - 20 = -5*q. What is the greatest common divisor of v and q?
2
Suppose 195 = i - 5*y, -4*i - 2*y + 46 = -646. Calculate the greatest common factor of 35 and i.
35
Let q(b) = -b**3 + 7*b**2 + 9*b + 6. Let i be q(8). Let c(t) = 84*t**3 + t - 1. Let u be c(1). What is the greatest common divisor of i and u?
14
Suppose -6*y + 3*y - 35433 = 0. Let c = -19420 - y. Let o be c/(-77) + 4/22. What is the highest common divisor of o and 11?
11
Suppose 2*l - 78 = -3*b - 2*l, -2*l - 38 = -2*b. Calculate the greatest common factor of b and 11.
11
Suppose 0*u - 30 = -5*u. Let w be 3*2/u*4. What is the greatest common divisor of w and 28?
4
Suppose 2*i + 5*n = -6, 0*i + 5*n + 27 = i. What is the highest common divisor